{"id":3063,"date":"2025-03-13T17:01:22","date_gmt":"2025-03-13T17:01:22","guid":{"rendered":"https:\/\/www.ollisdiner.dk\/?page_id=3063"},"modified":"2026-01-18T07:30:02","modified_gmt":"2026-01-18T07:30:02","slug":"take-away-2","status":"publish","type":"page","link":"https:\/\/www.ollisdiner.dk\/index.php\/take-away-2\/","title":{"rendered":"Take Away"},"content":{"rendered":"\t\t<div data-elementor-type=\"wp-page\" data-elementor-id=\"3063\" class=\"elementor elementor-3063\">\n\t\t\t\t\t\t<section class=\"elementor-section elementor-top-section elementor-element elementor-element-206b2df5 elementor-section-height-min-height elementor-section-content-middle elementor-section-boxed elementor-section-height-default elementor-section-items-middle\" data-id=\"206b2df5\" data-element_type=\"section\" data-e-type=\"section\" data-settings=\"{&quot;background_background&quot;:&quot;classic&quot;}\">\n\t\t\t\t\t\t\t<div class=\"elementor-background-overlay\"><\/div>\n\t\t\t\t\t\t\t<div class=\"elementor-container elementor-column-gap-default\">\n\t\t\t\t\t<div class=\"elementor-column elementor-col-100 elementor-top-column elementor-element elementor-element-3ac114ae\" data-id=\"3ac114ae\" data-element_type=\"column\" data-e-type=\"column\">\n\t\t\t<div class=\"elementor-widget-wrap\">\n\t\t\t\t\t\t\t<\/div>\n\t\t<\/div>\n\t\t\t\t\t<\/div>\n\t\t<\/section>\n\t\t\t\t<section class=\"elementor-section elementor-top-section elementor-element elementor-element-97cfa48 elementor-section-boxed elementor-section-height-default elementor-section-height-default\" data-id=\"97cfa48\" data-element_type=\"section\" data-e-type=\"section\">\n\t\t\t\t\t\t<div class=\"elementor-container elementor-column-gap-default\">\n\t\t\t\t\t<div class=\"elementor-column elementor-col-33 elementor-top-column elementor-element elementor-element-0149066\" data-id=\"0149066\" data-element_type=\"column\" data-e-type=\"column\">\n\t\t\t<div class=\"elementor-widget-wrap elementor-element-populated\">\n\t\t\t\t\t\t<div class=\"elementor-element elementor-element-b7c7bfc elementor-widget elementor-widget-image\" data-id=\"b7c7bfc\" data-element_type=\"widget\" data-e-type=\"widget\" data-widget_type=\"image.default\">\n\t\t\t\t<div class=\"elementor-widget-container\">\n\t\t\t\t\t\t\t\t\t\t\t\t\t\t\t<img fetchpriority=\"high\" decoding=\"async\" width=\"768\" height=\"1024\" src=\"https:\/\/www.ollisdiner.dk\/wp-content\/uploads\/2020\/11\/IMG_3729_02-768x1024.jpg\" class=\"attachment-large size-large wp-image-234\" alt=\"\" srcset=\"https:\/\/www.ollisdiner.dk\/wp-content\/uploads\/2020\/11\/IMG_3729_02-768x1024.jpg 768w, https:\/\/www.ollisdiner.dk\/wp-content\/uploads\/2020\/11\/IMG_3729_02-225x300.jpg 225w, https:\/\/www.ollisdiner.dk\/wp-content\/uploads\/2020\/11\/IMG_3729_02-1152x1536.jpg 1152w, https:\/\/www.ollisdiner.dk\/wp-content\/uploads\/2020\/11\/IMG_3729_02-1536x2048.jpg 1536w, https:\/\/www.ollisdiner.dk\/wp-content\/uploads\/2020\/11\/IMG_3729_02-scaled.jpg 1920w\" sizes=\"(max-width: 768px) 100vw, 768px\" \/>\t\t\t\t\t\t\t\t\t\t\t\t\t\t\t<\/div>\n\t\t\t\t<\/div>\n\t\t\t\t\t<\/div>\n\t\t<\/div>\n\t\t\t\t<div class=\"elementor-column elementor-col-66 elementor-top-column elementor-element elementor-element-1ce7910\" data-id=\"1ce7910\" data-element_type=\"column\" data-e-type=\"column\">\n\t\t\t<div class=\"elementor-widget-wrap elementor-element-populated\">\n\t\t\t\t\t\t<div class=\"elementor-element elementor-element-ec8510b elementor-widget elementor-widget-heading\" data-id=\"ec8510b\" data-element_type=\"widget\" data-e-type=\"widget\" data-widget_type=\"heading.default\">\n\t\t\t\t<div class=\"elementor-widget-container\">\n\t\t\t\t\t<h2 class=\"elementor-heading-title elementor-size-default\">F\u00e6rdige retter fra frost<\/h2>\t\t\t\t<\/div>\n\t\t\t\t<\/div>\n\t\t\t\t<div class=\"elementor-element elementor-element-f80ecee elementor-widget elementor-widget-text-editor\" data-id=\"f80ecee\" data-element_type=\"widget\" data-e-type=\"widget\" data-widget_type=\"text-editor.default\">\n\t\t\t\t<div class=\"elementor-widget-container\">\n\t\t\t\t\t\t\t\t\t<p class=\"p2\">Flere retter kommer senere<\/p>\t\t\t\t\t\t\t\t<\/div>\n\t\t\t\t<\/div>\n\t\t\t\t<div class=\"elementor-element elementor-element-f5e6cbc elementor-widget elementor-widget-heading\" data-id=\"f5e6cbc\" data-element_type=\"widget\" data-e-type=\"widget\" data-widget_type=\"heading.default\">\n\t\t\t\t<div class=\"elementor-widget-container\">\n\t\t\t\t\t<h2 class=\"elementor-heading-title elementor-size-default\">M\u00f8rbradgryde<\/h2>\t\t\t\t<\/div>\n\t\t\t\t<\/div>\n\t\t\t\t<div class=\"elementor-element elementor-element-a0702dd elementor-widget elementor-widget-text-editor\" data-id=\"a0702dd\" data-element_type=\"widget\" data-e-type=\"widget\" data-widget_type=\"text-editor.default\">\n\t\t\t\t<div class=\"elementor-widget-container\">\n\t\t\t\t\t\t\t\t\t<p>V\u00e6lg mellem 1 kg eller 2 kg<\/p>\t\t\t\t\t\t\t\t<\/div>\n\t\t\t\t<\/div>\n\t\t\t\t<div class=\"elementor-element elementor-element-56f5ee3 elementor-widget elementor-widget-price-list\" data-id=\"56f5ee3\" data-element_type=\"widget\" data-e-type=\"widget\" data-widget_type=\"price-list.default\">\n\t\t\t\t<div class=\"elementor-widget-container\">\n\t\t\t\t\t \t\t\t\t<\/div>\n\t\t\t\t<\/div>\n\t\t\t\t\t<\/div>\n\t\t<\/div>\n\t\t\t\t\t<\/div>\n\t\t<\/section>\n\t\t\t\t<\/div>\n\t\t","protected":false},"excerpt":{"rendered":"<p>F\u00e6rdige retter fra frost Flere retter kommer senere M\u00f8rbradgryde V\u00e6lg mellem 1 kg eller 2 kg 1 kg 125,- T\u00f8 op i k\u00f8leskab, opvarm i ovn eller gryde, tils\u00e6t evt, lidt fl\u00f8de for at samle den 2 kg 225,- T\u00f8 op i k\u00f8leskab, opvarm i ovn eller gryde, tils\u00e6t evt, lidt fl\u00f8de for at samle [&hellip;]<\/p>\n","protected":false},"author":1,"featured_media":0,"parent":0,"menu_order":0,"comment_status":"closed","ping_status":"closed","template":"","meta":{"footnotes":""},"class_list":["post-3063","page","type-page","status-publish","hentry"],"yoast_head":"<!-- This site is optimized with the Yoast SEO plugin v27.2 - https:\/\/yoast.com\/product\/yoast-seo-wordpress\/ -->\n<title>Take Away - Pensionistmad.dk - en del af Olli&#039;s Diner<\/title>\n<meta name=\"robots\" content=\"index, follow, max-snippet:-1, max-image-preview:large, max-video-preview:-1\" \/>\n<link rel=\"canonical\" href=\"https:\/\/www.ollisdiner.dk\/index.php\/take-away-2\/\" \/>\n<meta property=\"og:locale\" content=\"en_US\" \/>\n<meta property=\"og:type\" content=\"article\" \/>\n<meta property=\"og:title\" content=\"Take Away - Pensionistmad.dk - en del af Olli&#039;s Diner\" \/>\n<meta property=\"og:description\" content=\"F\u00e6rdige retter fra frost Flere retter kommer senere M\u00f8rbradgryde V\u00e6lg mellem 1 kg eller 2 kg 1 kg 125,- T\u00f8 op i k\u00f8leskab, opvarm i ovn eller gryde, tils\u00e6t evt, lidt fl\u00f8de for at samle den 2 kg 225,- T\u00f8 op i k\u00f8leskab, opvarm i ovn eller gryde, tils\u00e6t evt, lidt fl\u00f8de for at samle [&hellip;]\" \/>\n<meta property=\"og:url\" content=\"https:\/\/www.ollisdiner.dk\/index.php\/take-away-2\/\" \/>\n<meta property=\"og:site_name\" content=\"Pensionistmad.dk - en del af Olli&#039;s Diner\" \/>\n<meta property=\"article:modified_time\" content=\"2026-01-18T07:30:02+00:00\" \/>\n<meta property=\"og:image\" content=\"https:\/\/www.ollisdiner.dk\/wp-content\/uploads\/2020\/11\/IMG_3729_02-scaled.jpg\" \/>\n\t<meta property=\"og:image:width\" content=\"1920\" \/>\n\t<meta property=\"og:image:height\" content=\"2560\" \/>\n\t<meta property=\"og:image:type\" content=\"image\/jpeg\" \/>\n<meta name=\"twitter:card\" content=\"summary_large_image\" \/>\n<meta name=\"twitter:label1\" content=\"Est. reading time\" \/>\n\t<meta name=\"twitter:data1\" content=\"1 minute\" \/>\n<script type=\"application\/ld+json\" class=\"yoast-schema-graph\">{\"@context\":\"https:\/\/schema.org\",\"@graph\":[{\"@type\":\"WebPage\",\"@id\":\"https:\/\/www.ollisdiner.dk\/index.php\/take-away-2\/\",\"url\":\"https:\/\/www.ollisdiner.dk\/index.php\/take-away-2\/\",\"name\":\"Take Away - Pensionistmad.dk - en del af Olli's Diner\",\"isPartOf\":{\"@id\":\"https:\/\/www.ollisdiner.dk\/#website\"},\"primaryImageOfPage\":{\"@id\":\"https:\/\/www.ollisdiner.dk\/index.php\/take-away-2\/#primaryimage\"},\"image\":{\"@id\":\"https:\/\/www.ollisdiner.dk\/index.php\/take-away-2\/#primaryimage\"},\"thumbnailUrl\":\"https:\/\/www.ollisdiner.dk\/wp-content\/uploads\/2020\/11\/IMG_3729_02-768x1024.jpg\",\"datePublished\":\"2025-03-13T17:01:22+00:00\",\"dateModified\":\"2026-01-18T07:30:02+00:00\",\"breadcrumb\":{\"@id\":\"https:\/\/www.ollisdiner.dk\/index.php\/take-away-2\/#breadcrumb\"},\"inLanguage\":\"en\",\"potentialAction\":[{\"@type\":\"ReadAction\",\"target\":[\"https:\/\/www.ollisdiner.dk\/index.php\/take-away-2\/\"]}]},{\"@type\":\"ImageObject\",\"inLanguage\":\"en\",\"@id\":\"https:\/\/www.ollisdiner.dk\/index.php\/take-away-2\/#primaryimage\",\"url\":\"https:\/\/www.ollisdiner.dk\/wp-content\/uploads\/2020\/11\/IMG_3729_02-scaled.jpg\",\"contentUrl\":\"https:\/\/www.ollisdiner.dk\/wp-content\/uploads\/2020\/11\/IMG_3729_02-scaled.jpg\",\"width\":1920,\"height\":2560},{\"@type\":\"BreadcrumbList\",\"@id\":\"https:\/\/www.ollisdiner.dk\/index.php\/take-away-2\/#breadcrumb\",\"itemListElement\":[{\"@type\":\"ListItem\",\"position\":1,\"name\":\"Hjem\",\"item\":\"https:\/\/www.ollisdiner.dk\/\"},{\"@type\":\"ListItem\",\"position\":2,\"name\":\"Take Away\"}]},{\"@type\":\"WebSite\",\"@id\":\"https:\/\/www.ollisdiner.dk\/#website\",\"url\":\"https:\/\/www.ollisdiner.dk\/\",\"name\":\"Pensionistmad.dk - en del af Olli's Diner\",\"description\":\"Pensionistmad til d&oslash;ren\",\"publisher\":{\"@id\":\"https:\/\/www.ollisdiner.dk\/#organization\"},\"potentialAction\":[{\"@type\":\"SearchAction\",\"target\":{\"@type\":\"EntryPoint\",\"urlTemplate\":\"https:\/\/www.ollisdiner.dk\/?s={search_term_string}\"},\"query-input\":{\"@type\":\"PropertyValueSpecification\",\"valueRequired\":true,\"valueName\":\"search_term_string\"}}],\"inLanguage\":\"en\"},{\"@type\":\"Organization\",\"@id\":\"https:\/\/www.ollisdiner.dk\/#organization\",\"name\":\"Pensionistmad.dk - en del af Olli's Diner\",\"url\":\"https:\/\/www.ollisdiner.dk\/\",\"logo\":{\"@type\":\"ImageObject\",\"inLanguage\":\"en\",\"@id\":\"https:\/\/www.ollisdiner.dk\/#\/schema\/logo\/image\/\",\"url\":\"https:\/\/www.ollisdiner.dk\/wp-content\/uploads\/2023\/03\/cropped-Artboard-1_.png\",\"contentUrl\":\"https:\/\/www.ollisdiner.dk\/wp-content\/uploads\/2023\/03\/cropped-Artboard-1_.png\",\"width\":1069,\"height\":205,\"caption\":\"Pensionistmad.dk - en del af Olli's Diner\"},\"image\":{\"@id\":\"https:\/\/www.ollisdiner.dk\/#\/schema\/logo\/image\/\"}}]}<\/script>\n<!-- \/ Yoast SEO plugin. -->","yoast_head_json":{"title":"Take Away - Pensionistmad.dk - en del af Olli's Diner","robots":{"index":"index","follow":"follow","max-snippet":"max-snippet:-1","max-image-preview":"max-image-preview:large","max-video-preview":"max-video-preview:-1"},"canonical":"https:\/\/www.ollisdiner.dk\/index.php\/take-away-2\/","og_locale":"en_US","og_type":"article","og_title":"Take Away - Pensionistmad.dk - en del af Olli's Diner","og_description":"F\u00e6rdige retter fra frost Flere retter kommer senere M\u00f8rbradgryde V\u00e6lg mellem 1 kg eller 2 kg 1 kg 125,- T\u00f8 op i k\u00f8leskab, opvarm i ovn eller gryde, tils\u00e6t evt, lidt fl\u00f8de for at samle den 2 kg 225,- T\u00f8 op i k\u00f8leskab, opvarm i ovn eller gryde, tils\u00e6t evt, lidt fl\u00f8de for at samle [&hellip;]","og_url":"https:\/\/www.ollisdiner.dk\/index.php\/take-away-2\/","og_site_name":"Pensionistmad.dk - en del af Olli's Diner","article_modified_time":"2026-01-18T07:30:02+00:00","og_image":[{"width":1920,"height":2560,"url":"https:\/\/www.ollisdiner.dk\/wp-content\/uploads\/2020\/11\/IMG_3729_02-scaled.jpg","type":"image\/jpeg"}],"twitter_card":"summary_large_image","twitter_misc":{"Est. reading time":"1 minute"},"schema":{"@context":"https:\/\/schema.org","@graph":[{"@type":"WebPage","@id":"https:\/\/www.ollisdiner.dk\/index.php\/take-away-2\/","url":"https:\/\/www.ollisdiner.dk\/index.php\/take-away-2\/","name":"Take Away - Pensionistmad.dk - en del af Olli's Diner","isPartOf":{"@id":"https:\/\/www.ollisdiner.dk\/#website"},"primaryImageOfPage":{"@id":"https:\/\/www.ollisdiner.dk\/index.php\/take-away-2\/#primaryimage"},"image":{"@id":"https:\/\/www.ollisdiner.dk\/index.php\/take-away-2\/#primaryimage"},"thumbnailUrl":"https:\/\/www.ollisdiner.dk\/wp-content\/uploads\/2020\/11\/IMG_3729_02-768x1024.jpg","datePublished":"2025-03-13T17:01:22+00:00","dateModified":"2026-01-18T07:30:02+00:00","breadcrumb":{"@id":"https:\/\/www.ollisdiner.dk\/index.php\/take-away-2\/#breadcrumb"},"inLanguage":"en","potentialAction":[{"@type":"ReadAction","target":["https:\/\/www.ollisdiner.dk\/index.php\/take-away-2\/"]}]},{"@type":"ImageObject","inLanguage":"en","@id":"https:\/\/www.ollisdiner.dk\/index.php\/take-away-2\/#primaryimage","url":"https:\/\/www.ollisdiner.dk\/wp-content\/uploads\/2020\/11\/IMG_3729_02-scaled.jpg","contentUrl":"https:\/\/www.ollisdiner.dk\/wp-content\/uploads\/2020\/11\/IMG_3729_02-scaled.jpg","width":1920,"height":2560},{"@type":"BreadcrumbList","@id":"https:\/\/www.ollisdiner.dk\/index.php\/take-away-2\/#breadcrumb","itemListElement":[{"@type":"ListItem","position":1,"name":"Hjem","item":"https:\/\/www.ollisdiner.dk\/"},{"@type":"ListItem","position":2,"name":"Take Away"}]},{"@type":"WebSite","@id":"https:\/\/www.ollisdiner.dk\/#website","url":"https:\/\/www.ollisdiner.dk\/","name":"Pensionistmad.dk - en del af Olli's Diner","description":"Pensionistmad til d&oslash;ren","publisher":{"@id":"https:\/\/www.ollisdiner.dk\/#organization"},"potentialAction":[{"@type":"SearchAction","target":{"@type":"EntryPoint","urlTemplate":"https:\/\/www.ollisdiner.dk\/?s={search_term_string}"},"query-input":{"@type":"PropertyValueSpecification","valueRequired":true,"valueName":"search_term_string"}}],"inLanguage":"en"},{"@type":"Organization","@id":"https:\/\/www.ollisdiner.dk\/#organization","name":"Pensionistmad.dk - en del af Olli's Diner","url":"https:\/\/www.ollisdiner.dk\/","logo":{"@type":"ImageObject","inLanguage":"en","@id":"https:\/\/www.ollisdiner.dk\/#\/schema\/logo\/image\/","url":"https:\/\/www.ollisdiner.dk\/wp-content\/uploads\/2023\/03\/cropped-Artboard-1_.png","contentUrl":"https:\/\/www.ollisdiner.dk\/wp-content\/uploads\/2023\/03\/cropped-Artboard-1_.png","width":1069,"height":205,"caption":"Pensionistmad.dk - en del af Olli's Diner"},"image":{"@id":"https:\/\/www.ollisdiner.dk\/#\/schema\/logo\/image\/"}}]}},"_links":{"self":[{"href":"https:\/\/www.ollisdiner.dk\/index.php\/wp-json\/wp\/v2\/pages\/3063","targetHints":{"allow":["GET"]}}],"collection":[{"href":"https:\/\/www.ollisdiner.dk\/index.php\/wp-json\/wp\/v2\/pages"}],"about":[{"href":"https:\/\/www.ollisdiner.dk\/index.php\/wp-json\/wp\/v2\/types\/page"}],"author":[{"embeddable":true,"href":"https:\/\/www.ollisdiner.dk\/index.php\/wp-json\/wp\/v2\/users\/1"}],"replies":[{"embeddable":true,"href":"https:\/\/www.ollisdiner.dk\/index.php\/wp-json\/wp\/v2\/comments?post=3063"}],"version-history":[{"count":17,"href":"https:\/\/www.ollisdiner.dk\/index.php\/wp-json\/wp\/v2\/pages\/3063\/revisions"}],"predecessor-version":[{"id":3214,"href":"https:\/\/www.ollisdiner.dk\/index.php\/wp-json\/wp\/v2\/pages\/3063\/revisions\/3214"}],"wp:attachment":[{"href":"https:\/\/www.ollisdiner.dk\/index.php\/wp-json\/wp\/v2\/media?parent=3063"}],"curies":[{"name":"wp","href":"https:\/\/api.w.org\/{rel}","templated":true}]}}