{"id":1596,"date":"2022-03-18T13:37:48","date_gmt":"2022-03-18T13:37:48","guid":{"rendered":"https:\/\/www.ollisdiner.dk\/?page_id=1596"},"modified":"2023-04-10T17:28:52","modified_gmt":"2023-04-10T17:28:52","slug":"ollis-momse-bestililng","status":"publish","type":"page","link":"https:\/\/www.ollisdiner.dk\/index.php\/ollis-momse-bestililng\/","title":{"rendered":"Ollis Momse &#8211; bestililng"},"content":{"rendered":"\t\t<div data-elementor-type=\"wp-page\" data-elementor-id=\"1596\" class=\"elementor elementor-1596\">\n\t\t\t\t\t\t<section class=\"elementor-section elementor-top-section elementor-element elementor-element-5a420003 elementor-section-content-middle elementor-section-boxed elementor-section-height-default elementor-section-height-default\" data-id=\"5a420003\" data-element_type=\"section\" data-e-type=\"section\">\n\t\t\t\t\t\t<div class=\"elementor-container elementor-column-gap-no\">\n\t\t\t\t\t<div class=\"elementor-column elementor-col-100 elementor-top-column elementor-element elementor-element-32c31933\" data-id=\"32c31933\" data-element_type=\"column\" data-e-type=\"column\">\n\t\t\t<div class=\"elementor-widget-wrap elementor-element-populated\">\n\t\t\t\t\t\t<div class=\"elementor-element elementor-element-144ac714 elementor-widget elementor-widget-heading\" data-id=\"144ac714\" data-element_type=\"widget\" data-e-type=\"widget\" data-widget_type=\"heading.default\">\n\t\t\t\t<div class=\"elementor-widget-container\">\n\t\t\t\t\t<h4 class=\"elementor-heading-title elementor-size-default\">Bestilling af mad p\u00e5 abonnement<\/h4>\t\t\t\t<\/div>\n\t\t\t\t<\/div>\n\t\t\t\t<div class=\"elementor-element elementor-element-7a8a12b elementor-widget elementor-widget-wpforms\" data-id=\"7a8a12b\" data-element_type=\"widget\" data-e-type=\"widget\" data-widget_type=\"wpforms.default\">\n\t\t\t\t<div class=\"elementor-widget-container\">\n\t\t\t\t\t<div class=\"wpforms-container wpforms-container-full\" id=\"wpforms-477\"><form id=\"wpforms-form-477\" class=\"wpforms-validate wpforms-form\" data-formid=\"477\" method=\"post\" enctype=\"multipart\/form-data\" action=\"\/index.php\/wp-json\/wp\/v2\/pages\/1596\" data-token=\"7d40a73e96597629649e528029a0036b\" data-token-time=\"1776568592\"><noscript class=\"wpforms-error-noscript\">Please enable JavaScript in your browser to complete this form.<\/noscript><div class=\"wpforms-field-container\"><div id=\"wpforms-477-field_0-container\" class=\"wpforms-field wpforms-field-name\" data-field-id=\"0\"><label class=\"wpforms-field-label\" for=\"wpforms-477-field_0\">Navn og efternavn <span class=\"wpforms-required-label\">*<\/span><\/label><input type=\"text\" id=\"wpforms-477-field_0\" class=\"wpforms-field-medium wpforms-field-required\" name=\"wpforms[fields][0]\" required><\/div><div id=\"wpforms-477-field_15-container\" class=\"wpforms-field wpforms-field-text\" data-field-id=\"15\"><label class=\"wpforms-field-label\" for=\"wpforms-477-field_15\">Adresse <span class=\"wpforms-required-label\">*<\/span><\/label><input type=\"text\" id=\"wpforms-477-field_15\" class=\"wpforms-field-medium wpforms-field-required\" name=\"wpforms[fields][15]\" required><\/div><div id=\"wpforms-477-field_20-container\" class=\"wpforms-field wpforms-field-text\" data-field-id=\"20\"><label class=\"wpforms-field-label\" for=\"wpforms-477-field_20\">Postnr. og by <span class=\"wpforms-required-label\">*<\/span><\/label><input type=\"text\" id=\"wpforms-477-field_20\" class=\"wpforms-field-medium wpforms-field-required\" name=\"wpforms[fields][20]\" required><\/div><div id=\"wpforms-477-field_18-container\" class=\"wpforms-field wpforms-field-text\" data-field-id=\"18\"><label class=\"wpforms-field-label\" for=\"wpforms-477-field_18\">Telefon nr. <span class=\"wpforms-required-label\">*<\/span><\/label><input type=\"text\" id=\"wpforms-477-field_18\" class=\"wpforms-field-medium wpforms-field-required\" name=\"wpforms[fields][18]\" required><\/div><div id=\"wpforms-477-field_1-container\" class=\"wpforms-field wpforms-field-email\" data-field-id=\"1\"><label class=\"wpforms-field-label\" for=\"wpforms-477-field_1\">E-mail<\/label><input type=\"email\" id=\"wpforms-477-field_1\" class=\"wpforms-field-medium\" name=\"wpforms[fields][1]\" placeholder=\"example@mail.dk\" spellcheck=\"false\" ><div class=\"wpforms-field-description\">Venligst indtast din e-mail, s\u00e5 vi kan komme i kontakt med dig.<\/div><\/div><div id=\"wpforms-477-field_12-container\" class=\"wpforms-field wpforms-field-radio wpforms-list-3-columns\" data-field-id=\"12\"><label class=\"wpforms-field-label\">V\u00e6lg pakke, klik p\u00e5 den \u00f8nskede pakke <span class=\"wpforms-required-label\">*<\/span><\/label><ul id=\"wpforms-477-field_12\" class=\"wpforms-field-required wpforms-image-choices wpforms-image-choices-modern\"><li class=\"choice-1 depth-1 wpforms-image-choices-item\"><label class=\"wpforms-field-label-inline\" for=\"wpforms-477-field_12_1\" tabindex=\"0\"><span class=\"wpforms-image-choices-image\"><img decoding=\"async\" src=\"https:\/\/www.ollisdiner.dk\/wp-content\/uploads\/2025\/06\/Skaermbillede-2025-06-05-kl.-21.18.30.png\" alt=\"Stor Pakke, 7 dage\" title=\"Stor Pakke, 7 dage\"><\/span><input type=\"radio\" id=\"wpforms-477-field_12_1\" class=\"wpforms-screen-reader-element\" name=\"wpforms[fields][12]\" value=\"Stor Pakke, 7 dage\" tabindex=\"-1\" required ><span class=\"wpforms-image-choices-label\">Stor Pakke, 7 dage<\/span><\/label><\/li><li class=\"choice-4 depth-1 wpforms-image-choices-item\"><label class=\"wpforms-field-label-inline\" for=\"wpforms-477-field_12_4\" tabindex=\"0\"><span class=\"wpforms-image-choices-image\"><img decoding=\"async\" src=\"https:\/\/www.ollisdiner.dk\/wp-content\/uploads\/2025\/06\/Skaermbillede-2025-06-05-kl.-21.18.40.png\" alt=\"Lille Pakke, 5 dage\" title=\"Lille Pakke, 5 dage\"><\/span><input type=\"radio\" id=\"wpforms-477-field_12_4\" class=\"wpforms-screen-reader-element\" name=\"wpforms[fields][12]\" value=\"Lille Pakke, 5 dage\" tabindex=\"-1\" required ><span class=\"wpforms-image-choices-label\">Lille Pakke, 5 dage<\/span><\/label><\/li><li class=\"choice-2 depth-1 wpforms-image-choices-item\"><label class=\"wpforms-field-label-inline\" for=\"wpforms-477-field_12_2\" tabindex=\"0\"><span class=\"wpforms-image-choices-image\"><img decoding=\"async\" src=\"https:\/\/www.ollisdiner.dk\/wp-content\/uploads\/2025\/06\/Skaermbillede-2025-06-05-kl.-21.18.46.png\" alt=\"Varm Uge, 7 dage\" title=\"Varm Uge, 7 dage\"><\/span><input type=\"radio\" id=\"wpforms-477-field_12_2\" class=\"wpforms-screen-reader-element\" name=\"wpforms[fields][12]\" value=\"Varm Uge, 7 dage\" tabindex=\"-1\" required ><span class=\"wpforms-image-choices-label\">Varm Uge, 7 dage<\/span><\/label><\/li><li class=\"choice-3 depth-1 wpforms-image-choices-item\"><label class=\"wpforms-field-label-inline\" for=\"wpforms-477-field_12_3\" tabindex=\"0\"><span class=\"wpforms-image-choices-image\"><img decoding=\"async\" src=\"https:\/\/www.ollisdiner.dk\/wp-content\/uploads\/2025\/06\/Skaermbillede-2025-06-05-kl.-21.18.52.png\" alt=\"Varm hverdag, 5 dage\" title=\"Varm hverdag, 5 dage\"><\/span><input type=\"radio\" id=\"wpforms-477-field_12_3\" class=\"wpforms-screen-reader-element\" name=\"wpforms[fields][12]\" value=\"Varm hverdag, 5 dage\" tabindex=\"-1\" required ><span class=\"wpforms-image-choices-label\">Varm hverdag, 5 dage<\/span><\/label><\/li><li class=\"choice-6 depth-1 wpforms-image-choices-item\"><label class=\"wpforms-field-label-inline\" for=\"wpforms-477-field_12_6\" tabindex=\"0\"><span class=\"wpforms-image-choices-image\"><img decoding=\"async\" src=\"https:\/\/www.ollisdiner.dk\/wp-content\/uploads\/2025\/06\/Skaermbillede-2025-06-05-kl.-21.19.00.png\" alt=\"Varm ret\" title=\"Varm ret\"><\/span><input type=\"radio\" id=\"wpforms-477-field_12_6\" class=\"wpforms-screen-reader-element\" name=\"wpforms[fields][12]\" value=\"Varm ret\" tabindex=\"-1\" required ><span class=\"wpforms-image-choices-label\">Varm ret<\/span><\/label><\/li><li class=\"choice-10 depth-1 wpforms-image-choices-item\"><label class=\"wpforms-field-label-inline\" for=\"wpforms-477-field_12_10\" tabindex=\"0\"><span class=\"wpforms-image-choices-image\"><img decoding=\"async\" src=\"https:\/\/www.ollisdiner.dk\/wp-content\/uploads\/2025\/03\/Skaermbillede-2025-03-13-kl.-18.15.34.png\" alt=\"Frokost + aftensmad\" title=\"Frokost + aftensmad\"><\/span><input type=\"radio\" id=\"wpforms-477-field_12_10\" class=\"wpforms-screen-reader-element\" name=\"wpforms[fields][12]\" value=\"Frokost + aftensmad\" tabindex=\"-1\" required ><span class=\"wpforms-image-choices-label\">Frokost + aftensmad<\/span><\/label><\/li><\/ul><\/div><div id=\"wpforms-477-field_24-container\" class=\"wpforms-field wpforms-field-radio\" data-field-id=\"24\"><label class=\"wpforms-field-label\">Tilvalg<\/label><ul id=\"wpforms-477-field_24\"><li class=\"choice-1 depth-1\"><input type=\"radio\" id=\"wpforms-477-field_24_1\" name=\"wpforms[fields][24]\" value=\"Ekstra stor portion -Ekstra stor portion - abb. Stor Pakke og abb. Varm Uge (ekstra pris pr. m\u00e5ned) 340,-\"  ><label class=\"wpforms-field-label-inline\" for=\"wpforms-477-field_24_1\">Ekstra stor portion -Ekstra stor portion - abb. Stor Pakke og abb. Varm Uge (ekstra pris pr. m\u00e5ned) 340,-<\/label><\/li><li class=\"choice-2 depth-1\"><input type=\"radio\" id=\"wpforms-477-field_24_2\" name=\"wpforms[fields][24]\" value=\"Ekstra stor portion - Ekstra stor portion - abb. Lille Pakke og abb. Varm Hverdag (ekstra pris pr. m\u00e5ned) 260,-\"  ><label class=\"wpforms-field-label-inline\" for=\"wpforms-477-field_24_2\">Ekstra stor portion - Ekstra stor portion - abb. Lille Pakke og abb. Varm Hverdag (ekstra pris pr. m\u00e5ned) 260,-<\/label><\/li><li class=\"choice-3 depth-1\"><input type=\"radio\" id=\"wpforms-477-field_24_3\" name=\"wpforms[fields][24]\" value=\"Dagens Salat (nok til 2) - 25,-\"  ><label class=\"wpforms-field-label-inline\" for=\"wpforms-477-field_24_3\">Dagens Salat (nok til 2) - 25,-<\/label><\/li><li class=\"choice-6 depth-1\"><input type=\"radio\" id=\"wpforms-477-field_24_6\" name=\"wpforms[fields][24]\" value=\"Dagens Kage (pris pr. portion) - 25,-\"  ><label class=\"wpforms-field-label-inline\" for=\"wpforms-477-field_24_6\">Dagens Kage (pris pr. portion) - 25,-<\/label><\/li><li class=\"choice-7 depth-1\"><input type=\"radio\" id=\"wpforms-477-field_24_7\" name=\"wpforms[fields][24]\" value=\"Dagens Dessert (pris pr. portion) - 25,-\"  ><label class=\"wpforms-field-label-inline\" for=\"wpforms-477-field_24_7\">Dagens Dessert (pris pr. portion) - 25,-<\/label><\/li><\/ul><\/div><div id=\"wpforms-477-field_13-container\" class=\"wpforms-field wpforms-field-text\" data-field-id=\"13\"><label class=\"wpforms-field-label\" for=\"wpforms-477-field_13\">Hvem er din hjemmepleje?:<\/label><input type=\"text\" id=\"wpforms-477-field_13\" class=\"wpforms-field-medium\" name=\"wpforms[fields][13]\" ><\/div><div id=\"wpforms-477-field_25-container\" class=\"wpforms-field wpforms-field-text\" data-field-id=\"25\"><label class=\"wpforms-field-label\" for=\"wpforms-477-field_25\">\u00d8nsket startdato:  <span class=\"wpforms-required-label\">*<\/span><\/label><input type=\"text\" id=\"wpforms-477-field_25\" class=\"wpforms-field-medium wpforms-field-required\" name=\"wpforms[fields][25]\" required><\/div><div id=\"wpforms-477-field_21-container\" class=\"wpforms-field wpforms-field-textarea\" data-field-id=\"21\"><label class=\"wpforms-field-label\" for=\"wpforms-477-field_21\">Hvor m\u00e5 maden stilles, hvis du ikke er hjemme?<\/label><textarea id=\"wpforms-477-field_21\" class=\"wpforms-field-medium\" name=\"wpforms[fields][21]\" ><\/textarea><div class=\"wpforms-field-description\">*Hvor skal vi stille maden i tilf\u00e6lde af du ikke er hjemme p\u00e5 leveringstidspunktet.<\/div><\/div><div id=\"wpforms-477-field_4-container\" class=\"wpforms-field wpforms-field-textarea\" data-field-id=\"4\"><label class=\"wpforms-field-label\" for=\"wpforms-477-field_4\">Bem\u00e6rkninger<\/label><textarea id=\"wpforms-477-field_4\" class=\"wpforms-field-medium\" name=\"wpforms[fields][4]\" ><\/textarea><div class=\"wpforms-field-description\">Dette er er forsp\u00f8rgsel. Du vil f\u00e5 en bekr\u00e6ftelse fra os p\u00e5 mail, n\u00e5r den er g\u00e5et igennem. <br \/> Vi tager forbehold for pris\u00e6ndringer<\/div><\/div><div id=\"wpforms-477-field_32-container\" class=\"wpforms-field wpforms-field-checkbox\" data-field-id=\"32\"><label class=\"wpforms-field-label\">Tilmelding til PBS <span class=\"wpforms-required-label\">*<\/span><\/label><ul id=\"wpforms-477-field_32\" class=\"wpforms-field-required\"><li class=\"choice-1 depth-1\"><input type=\"checkbox\" id=\"wpforms-477-field_32_1\" name=\"wpforms[fields][32][]\" value=\"&lt;a href=&quot;https:\/\/www.betalingsservice.dk\/BS\/?id=3&amp;pbs=30097645&amp;pbscheck=2nTtuCE18P5xAqQsoOXzDA%3D%3D&amp;dbnr=&amp;dbgr=00001&amp;kundenrLabel=Kundenr.&amp;version=2&quot;&gt;Betalingsservice online tilmelding&lt;\/a&gt;\" required ><label class=\"wpforms-field-label-inline\" for=\"wpforms-477-field_32_1\"><a href=\"https:\/\/www.betalingsservice.dk\/BS\/?id=3&amp;pbs=30097645&amp;pbscheck=2nTtuCE18P5xAqQsoOXzDA%3D%3D&amp;dbnr=&amp;dbgr=00001&amp;kundenrLabel=Kundenr.&amp;version=2\">Betalingsservice online tilmelding<\/a><\/label><\/li><\/ul><div class=\"wpforms-field-description\">Dit kundenummer er det samme som dit telefonnummer<\/div><\/div><\/div><!-- .wpforms-field-container --><div class=\"wpforms-submit-container\" ><input type=\"hidden\" name=\"wpforms[id]\" value=\"477\"><input type=\"hidden\" name=\"page_title\" value=\"\"><input type=\"hidden\" name=\"page_url\" value=\"https:\/\/www.ollisdiner.dk\/index.php\/wp-json\/wp\/v2\/pages\/1596\"><input type=\"hidden\" name=\"url_referer\" value=\"\"><button type=\"submit\" name=\"wpforms[submit]\" id=\"wpforms-submit-477\" class=\"wpforms-submit\" data-alt-text=\"Sender...\" data-submit-text=\"Send\" aria-live=\"assertive\" value=\"wpforms-submit\">Send<\/button><\/div><\/form><\/div>  <!-- .wpforms-container -->\t\t\t\t<\/div>\n\t\t\t\t<\/div>\n\t\t\t\t\t<\/div>\n\t\t<\/div>\n\t\t\t\t\t<\/div>\n\t\t<\/section>\n\t\t\t\t<\/div>\n\t\t","protected":false},"excerpt":{"rendered":"<p>Bestilling af mad p\u00e5 abonnement<\/p>\n","protected":false},"author":1,"featured_media":0,"parent":0,"menu_order":0,"comment_status":"closed","ping_status":"closed","template":"","meta":{"footnotes":""},"class_list":["post-1596","page","type-page","status-publish","hentry"],"yoast_head":"<!-- This site is optimized with the Yoast SEO plugin v27.2 - https:\/\/yoast.com\/product\/yoast-seo-wordpress\/ -->\n<title>Ollis Momse - bestililng - Pensionistmad.dk - en del af Olli&#039;s Diner<\/title>\n<meta name=\"robots\" content=\"index, follow, max-snippet:-1, max-image-preview:large, max-video-preview:-1\" \/>\n<link rel=\"canonical\" href=\"https:\/\/www.ollisdiner.dk\/index.php\/ollis-momse-bestililng\/\" \/>\n<meta property=\"og:locale\" content=\"en_US\" \/>\n<meta property=\"og:type\" content=\"article\" \/>\n<meta property=\"og:title\" content=\"Ollis Momse - bestililng - Pensionistmad.dk - en del af Olli&#039;s Diner\" \/>\n<meta property=\"og:description\" content=\"Bestilling af mad p\u00e5 abonnement\" \/>\n<meta property=\"og:url\" content=\"https:\/\/www.ollisdiner.dk\/index.php\/ollis-momse-bestililng\/\" \/>\n<meta property=\"og:site_name\" content=\"Pensionistmad.dk - en del af Olli&#039;s Diner\" \/>\n<meta property=\"article:modified_time\" content=\"2023-04-10T17:28:52+00:00\" \/>\n<meta name=\"twitter:card\" content=\"summary_large_image\" \/>\n<meta name=\"twitter:label1\" content=\"Est. reading time\" \/>\n\t<meta name=\"twitter:data1\" content=\"3 minutes\" \/>\n<script type=\"application\/ld+json\" class=\"yoast-schema-graph\">{\"@context\":\"https:\/\/schema.org\",\"@graph\":[{\"@type\":\"WebPage\",\"@id\":\"https:\/\/www.ollisdiner.dk\/index.php\/ollis-momse-bestililng\/\",\"url\":\"https:\/\/www.ollisdiner.dk\/index.php\/ollis-momse-bestililng\/\",\"name\":\"Ollis Momse - bestililng - Pensionistmad.dk - en del af Olli's Diner\",\"isPartOf\":{\"@id\":\"https:\/\/www.ollisdiner.dk\/#website\"},\"datePublished\":\"2022-03-18T13:37:48+00:00\",\"dateModified\":\"2023-04-10T17:28:52+00:00\",\"breadcrumb\":{\"@id\":\"https:\/\/www.ollisdiner.dk\/index.php\/ollis-momse-bestililng\/#breadcrumb\"},\"inLanguage\":\"en\",\"potentialAction\":[{\"@type\":\"ReadAction\",\"target\":[\"https:\/\/www.ollisdiner.dk\/index.php\/ollis-momse-bestililng\/\"]}]},{\"@type\":\"BreadcrumbList\",\"@id\":\"https:\/\/www.ollisdiner.dk\/index.php\/ollis-momse-bestililng\/#breadcrumb\",\"itemListElement\":[{\"@type\":\"ListItem\",\"position\":1,\"name\":\"Hjem\",\"item\":\"https:\/\/www.ollisdiner.dk\/\"},{\"@type\":\"ListItem\",\"position\":2,\"name\":\"Ollis Momse &#8211; bestililng\"}]},{\"@type\":\"WebSite\",\"@id\":\"https:\/\/www.ollisdiner.dk\/#website\",\"url\":\"https:\/\/www.ollisdiner.dk\/\",\"name\":\"Pensionistmad.dk - en del af Olli's Diner\",\"description\":\"Pensionistmad til d&oslash;ren\",\"publisher\":{\"@id\":\"https:\/\/www.ollisdiner.dk\/#organization\"},\"potentialAction\":[{\"@type\":\"SearchAction\",\"target\":{\"@type\":\"EntryPoint\",\"urlTemplate\":\"https:\/\/www.ollisdiner.dk\/?s={search_term_string}\"},\"query-input\":{\"@type\":\"PropertyValueSpecification\",\"valueRequired\":true,\"valueName\":\"search_term_string\"}}],\"inLanguage\":\"en\"},{\"@type\":\"Organization\",\"@id\":\"https:\/\/www.ollisdiner.dk\/#organization\",\"name\":\"Pensionistmad.dk - en del af Olli's Diner\",\"url\":\"https:\/\/www.ollisdiner.dk\/\",\"logo\":{\"@type\":\"ImageObject\",\"inLanguage\":\"en\",\"@id\":\"https:\/\/www.ollisdiner.dk\/#\/schema\/logo\/image\/\",\"url\":\"https:\/\/www.ollisdiner.dk\/wp-content\/uploads\/2023\/03\/cropped-Artboard-1_.png\",\"contentUrl\":\"https:\/\/www.ollisdiner.dk\/wp-content\/uploads\/2023\/03\/cropped-Artboard-1_.png\",\"width\":1069,\"height\":205,\"caption\":\"Pensionistmad.dk - en del af Olli's Diner\"},\"image\":{\"@id\":\"https:\/\/www.ollisdiner.dk\/#\/schema\/logo\/image\/\"}}]}<\/script>\n<!-- \/ Yoast SEO plugin. -->","yoast_head_json":{"title":"Ollis Momse - bestililng - Pensionistmad.dk - en del af Olli's Diner","robots":{"index":"index","follow":"follow","max-snippet":"max-snippet:-1","max-image-preview":"max-image-preview:large","max-video-preview":"max-video-preview:-1"},"canonical":"https:\/\/www.ollisdiner.dk\/index.php\/ollis-momse-bestililng\/","og_locale":"en_US","og_type":"article","og_title":"Ollis Momse - bestililng - Pensionistmad.dk - en del af Olli's Diner","og_description":"Bestilling af mad p\u00e5 abonnement","og_url":"https:\/\/www.ollisdiner.dk\/index.php\/ollis-momse-bestililng\/","og_site_name":"Pensionistmad.dk - en del af Olli's Diner","article_modified_time":"2023-04-10T17:28:52+00:00","twitter_card":"summary_large_image","twitter_misc":{"Est. reading time":"3 minutes"},"schema":{"@context":"https:\/\/schema.org","@graph":[{"@type":"WebPage","@id":"https:\/\/www.ollisdiner.dk\/index.php\/ollis-momse-bestililng\/","url":"https:\/\/www.ollisdiner.dk\/index.php\/ollis-momse-bestililng\/","name":"Ollis Momse - bestililng - Pensionistmad.dk - en del af Olli's Diner","isPartOf":{"@id":"https:\/\/www.ollisdiner.dk\/#website"},"datePublished":"2022-03-18T13:37:48+00:00","dateModified":"2023-04-10T17:28:52+00:00","breadcrumb":{"@id":"https:\/\/www.ollisdiner.dk\/index.php\/ollis-momse-bestililng\/#breadcrumb"},"inLanguage":"en","potentialAction":[{"@type":"ReadAction","target":["https:\/\/www.ollisdiner.dk\/index.php\/ollis-momse-bestililng\/"]}]},{"@type":"BreadcrumbList","@id":"https:\/\/www.ollisdiner.dk\/index.php\/ollis-momse-bestililng\/#breadcrumb","itemListElement":[{"@type":"ListItem","position":1,"name":"Hjem","item":"https:\/\/www.ollisdiner.dk\/"},{"@type":"ListItem","position":2,"name":"Ollis Momse &#8211; bestililng"}]},{"@type":"WebSite","@id":"https:\/\/www.ollisdiner.dk\/#website","url":"https:\/\/www.ollisdiner.dk\/","name":"Pensionistmad.dk - en del af Olli's Diner","description":"Pensionistmad til d&oslash;ren","publisher":{"@id":"https:\/\/www.ollisdiner.dk\/#organization"},"potentialAction":[{"@type":"SearchAction","target":{"@type":"EntryPoint","urlTemplate":"https:\/\/www.ollisdiner.dk\/?s={search_term_string}"},"query-input":{"@type":"PropertyValueSpecification","valueRequired":true,"valueName":"search_term_string"}}],"inLanguage":"en"},{"@type":"Organization","@id":"https:\/\/www.ollisdiner.dk\/#organization","name":"Pensionistmad.dk - en del af Olli's Diner","url":"https:\/\/www.ollisdiner.dk\/","logo":{"@type":"ImageObject","inLanguage":"en","@id":"https:\/\/www.ollisdiner.dk\/#\/schema\/logo\/image\/","url":"https:\/\/www.ollisdiner.dk\/wp-content\/uploads\/2023\/03\/cropped-Artboard-1_.png","contentUrl":"https:\/\/www.ollisdiner.dk\/wp-content\/uploads\/2023\/03\/cropped-Artboard-1_.png","width":1069,"height":205,"caption":"Pensionistmad.dk - en del af Olli's Diner"},"image":{"@id":"https:\/\/www.ollisdiner.dk\/#\/schema\/logo\/image\/"}}]}},"_links":{"self":[{"href":"https:\/\/www.ollisdiner.dk\/index.php\/wp-json\/wp\/v2\/pages\/1596","targetHints":{"allow":["GET"]}}],"collection":[{"href":"https:\/\/www.ollisdiner.dk\/index.php\/wp-json\/wp\/v2\/pages"}],"about":[{"href":"https:\/\/www.ollisdiner.dk\/index.php\/wp-json\/wp\/v2\/types\/page"}],"author":[{"embeddable":true,"href":"https:\/\/www.ollisdiner.dk\/index.php\/wp-json\/wp\/v2\/users\/1"}],"replies":[{"embeddable":true,"href":"https:\/\/www.ollisdiner.dk\/index.php\/wp-json\/wp\/v2\/comments?post=1596"}],"version-history":[{"count":16,"href":"https:\/\/www.ollisdiner.dk\/index.php\/wp-json\/wp\/v2\/pages\/1596\/revisions"}],"predecessor-version":[{"id":2618,"href":"https:\/\/www.ollisdiner.dk\/index.php\/wp-json\/wp\/v2\/pages\/1596\/revisions\/2618"}],"wp:attachment":[{"href":"https:\/\/www.ollisdiner.dk\/index.php\/wp-json\/wp\/v2\/media?parent=1596"}],"curies":[{"name":"wp","href":"https:\/\/api.w.org\/{rel}","templated":true}]}}